2*z - 4 = 4*l. Suppose -3*p + 0 = -z. Suppose 4*j - 4*q - 468 = 0, -2*q - 478 = -6*j + p*j. Is j composite?
True
Suppose s + 8698 = 2*s + 3*p, -3*p + 9 = 0. Is s prime?
True
Is (3 - -5) + (12656 - 3) composite?
True
Let o = 2 + -3. Let a = 10 + o. Is 3/((a/(-114))/(-1)) a prime number?
False
Let i(m) = 5834*m**2 - 58*m - 13. Is i(-6) composite?
False
Suppose 2*u - 24114 = 2*h, -36167 = -19*u + 16*u + 2*h. Is u a composite number?
True
Let m = -1618 - -6043. Let g = m - 2624. Is g prime?
True
Let d = 2219 + -562. Is d a prime number?
True
Let w(z) = 39*z**2 - 8*z + 3. Let n be w(7). Suppose 3*g = n + 1877. Suppose -7*b + g = -2*b. Is b prime?
False
Let c(p) = -2548*p + 29. Is c(-20) a composite number?
False
Let k(s) = 3*s - 8. Let d be k(4). Let p(i) = -49*i**2 + 3*i - 3. Let m be p(d). Is m/(-3) - (-2)/3 prime?
False
Let i = 10 + -6. Suppose 5*r - i*x = 2705, -r + 0*r + 541 = -3*x. Is r a composite number?
False
Let c(t) = 190*t**2 - t. Suppose 2*y = y - 1. Is c(y) prime?
True
Suppose 5*x = -3*z + 121, 4*z - 5*x - 67 = 3*z. Suppose 5*a - 352 = -z. Suppose r - a = -2*u, -u - 29 = -r + 20. Is r composite?
False
Suppose -4*o - 2*r = -12172, 3*o - 4*r + 516 = 9645. Is o a composite number?
True
Suppose -4*m + 73316 = 4*i, -2*i + 3*i - 36654 = -2*m. Suppose 12*f - 7*f - m = 0. Is f composite?
True
Let b = -5799 + 10415. Suppose -5*f = -9*f + b. Is f a prime number?
False
Suppose -2*s = -5*s + 2448. Let b = 2777 + s. Is b prime?
True
Let j(s) = 9*s**2 + 7. Let w be j(6). Suppose -x + 2*z + 2*z + 71 = 0, -w = -5*x - 4*z. Is x a prime number?
True
Is 5810 + 2 + -1 + -4 prime?
True
Let f(b) = b**3 + 2*b**2 + 2*b + 6. Suppose 9*x - 35 = 2*x. Is f(x) prime?
True
Is (63/189)/(1/2307) composite?
False
Let a(s) = -s - 2 - 9 - 2*s + 1. Let d be a(-4). Suppose 0 = d*c - 540 + 70. Is c prime?
False
Let j = -26 + 22. Is 2 - (-10)/j - (-2123)/2 a composite number?
False
Let h(x) = 1097*x + 5. Let u be h(3). Suppose 0 = 4*v + u - 12620. Let j = v - 970. Is j composite?
False
Suppose -4*z = -13 - 3. Suppose 0 = 3*w - 5*r - 108, 4*w - 136 = -0*r + z*r. Is w a composite number?
False
Suppose 2*m = 7*m + 1420. Let l = -143 - m. Is l a composite number?
True
Suppose -4*r - 4*i = -2820, 34*r + 689 = 35*r - 3*i. Is r composite?
False
Suppose 2*p = -2*c + 5534, 5*c + 0*c - 13835 = p. Is c composite?
False
Suppose -10*t + 5*t + 2373200 = 0. Let r be 2/(-9) - t/90. Is (-14)/(-49) + r/(-14) prime?
False
Suppose 4*p - 33401 = 3*z, 5*p - z + 9545 = 51299. Is p prime?
False
Let t = 86 + -44. Let w = -69 + t. Let s = 40 - w. Is s a composite number?
False
Let c(w) = -w**3 - 3*w**2 - 3*w. Let l be c(-2). Let u(q) = 143*q**2 - 2*q + 4. Let s be u(l). Suppose 0*t = -4*t + s. Is t a prime number?
False
Let s be ((-4)/(-3))/((-6)/(-603)). Suppose 4*i = -s - 142. Is (i/3)/(4/(-12)) prime?
False
Let g(r) = -1737*r**3 - r**2 - 17*r - 25. Is g(-2) a prime number?
True
Let i(c) = 279*c**2 - 22*c + 190. Is i(17) composite?
False
Suppose 2*c = 3*c - 2. Let w = c - 4. Is ((-1)/w)/((-10)/(-1780)) prime?
True
Suppose 5*w + 0*w = 2*x + 20, -5*w + 40 = 2*x. Let f(u) = 14*u - 27. Is f(w) a prime number?
False
Let h(t) = 34*t**2 - 22*t - 46. Is h(22) a composite number?
True
Let f(m) = 17*m**2 - 17*m - 73. Is f(-19) composite?
True
Let q be (-124)/(-6) + (-4)/(-12). Let f = q - 13. Is 156/f*(-40)/(-12) a composite number?
True
Suppose 4*j - 29380 = -4*z, -4*j = -3*z + j + 22003. Suppose 0 = 10*k - 7*k - z. Is k prime?
True
Let h = -6 - -3. Suppose 4*v = 3*v + 854. Is (v/(-3))/(2/h) a prime number?
False
Suppose 4*i = 3*m + 1521 - 403, -552 = -2*i - 2*m. Suppose -n = 73 - i. Is n prime?
False
Let c = -10 + 15. Suppose -2*u = -c*u + 645. Is u a composite number?
True
Is ((-1801)/(-3))/((-17)/(-51)) a prime number?
True
Let n(w) = 55*w - 2. Let g(y) = y + 2 - 3 + 0*y. Let r(u) = -5*g(u) + n(u). Is r(5) a prime number?
False
Let v(y) = 154*y - 15. Is v(2) a composite number?
False
Suppose -5*y + 3*y - 2*j = -15546, 3*y = 2*j + 23299. Is y a composite number?
True
Suppose -14*s + 18*s = 7260. Let x = -1192 + s. Is x prime?
False
Is 16/(-24)*106332/(-8) prime?
True
Suppose 3*t = -f - t, 2*f + t = 0. Suppose -o - 4 = f, 5*i + 2*o = -3*o + 33295. Is i a prime number?
False
Let f = 20 - 18. Suppose 3*a - 101 = 3*h + 31, 5*a + f*h = 255. Suppose 2*r - 5*j - 55 = 0, -5*r + 71 + a = 5*j. Is r a composite number?
True
Let u(f) = 1034*f + 249. Is u(20) prime?
True
Let x(p) = -p**3 + 6*p**2 - 8*p + 9. Let u be x(4). Suppose -6*h = -u*h + 9. Suppose -h*f = -b + 319, 650 = 2*b - f - 2*f. Is b composite?
False
Let q = -25873 + 46242. Is q prime?
True
Suppose v + 5*z - 13331 = 0, 5*v + 7*z - 11*z = 66655. Is v prime?
True
Let i be -5*(-5)/5 + -4. Let h(w) = 87*w. Is h(i) a composite number?
True
Let k(f) be the first derivative of f**5/20 + f**4 - f**3/2 - 3*f**2/2 + 9*f + 3. Let m(g) be the first derivative of k(g). Is m(-9) a prime number?
False
Suppose -r + 7 = -2*a - 5, 0 = -3*a + 3*r - 21. Let h = 8 + a. Suppose -2 = h*u - 11. Is u a prime number?
True
Suppose 6*h = -1 + 25. Suppose h*a + 3*f = -0*a - 66, -54 = 4*a - 3*f. Let w(s) = -3*s + 8. Is w(a) a composite number?
False
Suppose 10*b - 5*b - 560 = 0. Is (b - (-5 - -4))/1 a prime number?
True
Let v = -530 + 798. Suppose -4454 = -6*l + v. Is l a composite number?
False
Suppose 4776 + 6720 = 2*p. Suppose 9*i - 21939 = -p. Is i a prime number?
False
Suppose 5*r - 24 = -2*p, -4*r + 2*p = -p - 10. Suppose 4*q - 848 - 688 = -4*b, 0 = b + r. Let s = -209 + q. Is s a prime number?
True
Is 2 - 8/(24/(-5931)) a prime number?
True
Suppose 0 = 20*l + 12655 - 317835. Is l a prime number?
True
Suppose -6*j = -2*j. Suppose j = 2*v - 4*o - 2 - 18, 3*o + 15 = -5*v. Suppose v*n + 131 = n. Is n a prime number?
True
Suppose -1223450 = 23*m - 73*m. Is m a prime number?
True
Is (30/(-12) - 0)*(-78252)/10 a prime number?
False
Let y(u) = -2*u - 3. Let k be y(-4). Suppose -k*p + 5*m + 3380 = 0, -2*p - 4*m + 2744 = 2*p. Is p a prime number?
False
Let b(t) = -t**3 + 7*t**2 - 8*t + 6. Let i be b(5). Suppose 0 + i = -2*c. Is 758 + 4*(-6)/c a prime number?
True
Let c = 278 + 39. Suppose -5*d + 332 = 3*l - 4*d, c = 3*l - 2*d. Is l a prime number?
True
Let h = -29455 + 51188. Is h a composite number?
True
Let w(r) = r**3 + 2*r**2 - 2*r. Let t be w(0). Suppose t = 3*g + s - 2262, -3*g - g + 4*s = -3000. Is g a composite number?
True
Suppose -5*s + 10*s - 10 = 0. Suppose s*a + 3*d - 7210 = -d, 4*a = 2*d + 14430. Is a prime?
True
Suppose 87*k - 513817 = 68*k. Is k prime?
True
Let v be ((-4)/9)/2 - (-342393)/27. Suppose -1634 - v = -5*w. Is w composite?
True
Let a(f) be the third derivative of -11*f**4/6 - f**3 + 2*f**2. Let p(x) = x. Let g(u) = -a(u) - 3*p(u). Is g(5) a composite number?
False
Let j(s) = -s**3 + 11*s**2 + 2*s - 18. Let v be j(12). Let l = 235 + v. Is l composite?
False
Suppose 279866 = 36*a + 12854. Is a prime?
True
Let p(k) = 63*k - 2. Let d be p(2). Suppose 0 = -y - 3*y - d. Let g = 44 + y. Is g a prime number?
True
Suppose 2*r = -0*r - 30. Let x = r - -68. Is x a composite number?
False
Suppose 2*q - q - 3*p - 3 = 0, 0 = 5*p. Suppose -12 + q = -3*o, -3*z = 2*o - 345. Is z composite?
False
Let f(w) = 256*w + 3. Let o = -12 + 20. Is f(o) a prime number?
False
Let o(f) = -7*f**2 - 2*f - 16. Let w(k) = -20*k**2 - 6*k - 47. Let p(z) = 17*o(z) - 6*w(z). Is p(16) prime?
False
Let h = 98 - 89. Suppose h*a - 4102 = 2*a. Is a a prime number?
False
Let r be (-4856)/(-10) - 8/(-20). Let q = 1453 - r. Is q a prime number?
True
Let p = 4 + -1. Let o = 5 - p. Suppose -311 = -o*j + 95. Is j composite?
True
Suppose 0 = -3*m + m - 3*k + 39, 5*m = 2*k + 50. Suppose m*b - 2375 = 31045. Is b prime?
False
Let q(m) = -72*m + 29. Let n = 37 + -50. Is q(n) composite?
True
Let s = 9128 - 3289. Is s prime?
True
Let k(t) be the first derivative of -131*t**2/2 + 24*t - 9. Is k(-5) a prime number?
False
Let b be (-4556)/10 + 2/(-5). Is b/(-2) + (-2)/1 prime?
False
Suppose 3*l + 4162 = 29368. Is l composite?
True
Let g = 79 - 87. Is -4 - 8/g - (-4292)/1 a composite number?
False
Let a be -1 + 2 + 6 + -7. Suppose 4 + a = i. Suppose 2*c = 3*o + 37, i*c + 4*o + 9 = 113. Is c a composite number?
False
Let s(v) = -2 + 29*v + 4*v**2 - 5*v**2 - 23*v. Let n be s(6). Is ((-2228)/(-6))/(n/(-3)) a composi